er when 783 is divided by l?
8
Let y be 3/6*14 - 2. Suppose y*b = 156 + 314. Suppose -6*p - 100 = -8*p. What is the remainder when b is divided by p?
44
What is the remainder when 4/(4/861) - 19 is divided by 51?
26
Let y(s) = -s**2 + 3*s + 49. Let t be y(8). Suppose t*m - 242 = 64. Calculate the remainder when 134 is divided by m.
32
Suppose -2*r = 51 - 157. Calculate the remainder when r is divided by (-12)/(30/50*(-15)/6).
5
Let a be (-1742)/6 + (-9 + 21)/36. Let g = -276 - a. What is the remainder when 96 is divided by g?
12
Let w(h) = -h**3 - h - 219. Let j be w(0). Let k = 243 + j. What is the remainder when 41 is divided by k?
17
What is the remainder when 9982/7 - 21/1 is divided by 59?
48
What is the remainder when 1070 is divided by (99/(-55)*5)/(-1)?
8
Let v = -30 + 64. Suppose -44*l = 4*l - 240. Suppose 9*t = 6*t + l*w + 278, -2*t = w - 207. Calculate the remainder when t is divided by v.
33
Let b(t) = -5*t + 399. What is the remainder when b(-60) is divided by 117?
114
Let f = -267 - -312. What is the remainder when -2 + f/20 + (-446)/(-8) is divided by 3?
2
Let j = 5 + -8. What is the remainder when 187 is divided by -3 - (5 - -1)/j - -48?
46
Let j be 243/54*2/12*-12. Let m(c) = -c**3 - 8*c**2 + 3*c + 2. Let y(s) = -s**3 - 12*s**2 + 10*s - 9. What is the remainder when m(j) is divided by y(-13)?
26
Let s = -96 + 103. Let y be 2*(7 + -6)/((-2)/(-5)). Suppose 5*c = 3*t + 201, -4*t + 198 - 11 = y*c. What is the remainder when c is divided by s?
4
Suppose -270 = 28*u - 34*u. Calculate the remainder when ((-116)/10)/(1/u*-3) is divided by 44.
42
Let o be (-4 - -5)/(2/(-26)). Let c = 44 - o. Suppose -6*p + 2*p + 48 = 0. Calculate the remainder when c is divided by p.
9
Let j(q) = -3*q**2 + 81*q - 259. What is the remainder when 411 is divided by j(23)?
3
Suppose -94*t - 1964 - 1450 = -13378. What is the remainder when t is divided by 35?
1
Let z = 3490 + -3352. What is the remainder when 685 is divided by z?
133
Let x be 141/(((-105)/10)/(-7)). Suppose y - 31 - x = 0. Let v = y - 44. Calculate the remainder when v is divided by 21.
18
Suppose -4*v - 38 = 66. Let c = v + 44. Calculate the remainder when (-4)/(-36)*-2 - (-8622)/162 is divided by c.
17
Let t be 135/(4/8 - 2). Calculate the remainder when t/(-2) - (53 + -49) is divided by (-348)/(-15) + (-1)/5.
18
Suppose -12 = -4*j, 5*j = 2*p + 6*j - 9. Suppose -p*w + 52 = y, -5*y = -5*w + 62 + 38. Calculate the remainder when 101 is divided by w.
11
Suppose -22*i - 116 = 148. Calculate the remainder when (0 + 179)/(-10 - 126/i) is divided by 45.
43
Let b(k) = -30*k - 164. Let f(z) = 13*z - 7. What is the remainder when f(11) is divided by b(-7)?
44
Suppose -4*a + 0 - 8 = -3*g, -g - 4*a - 8 = 0. Let h be (-104)/(-16)*(4 - (2 + g)). Suppose h*o + 95 = 18*o. Calculate the remainder when o is divided by 14.
5
Let a = -8 - -15. Let f(z) = -z**3 + 36*z**2 + 40*z - 90. Calculate the remainder when f(37) is divided by a.
0
Suppose 28145 = 160*a - 95*a. What is the remainder when a is divided by 38?
15
Let v = -6449 - -6465. Suppose 225 = 5*g - 5*m, -1 = -5*m + 9. What is the remainder when g is divided by v?
15
Let t(v) = 5*v**2 - 134*v - 2. Calculate the remainder when 287 is divided by t(27).
12
Let i = -193527 + 193548. Calculate the remainder when i is divided by (22/(-6))/((-1)/3).
10
Let l(v) = -v**3 + 24*v**2 + 3*v - 9. Suppose 2*r + 2*q - 58 = 0, 2*r + 0*q - 43 = q. Calculate the remainder when 123 is divided by l(r).
60
Let q(u) = -u**3 + 9*u**2 + 80*u - 58. Calculate the remainder when 11475 is divided by q(14).
77
Let w be 16/(32/8) - (-368 + 1). Suppose 0 = -3*b - j + w, 4*b + 3*j - 494 = 2*j. Calculate the remainder when b is divided by 32.
27
Suppose 93*d - 61*d = 37248. Calculate the remainder when 3499 is divided by d.
7
Let l(p) = 5*p - 7. Let h be 3 + -4 + 5 + -31. What is the remainder when (h - -3)/(-1) + -1 is divided by l(3)?
7
Suppose 6*f + 5*l = 193, 3*f - 46*l + 45*l - 100 = 0. What is the remainder when 810 is divided by f?
18
Suppose 17*o - 10 - 24 = 0. Suppose -2*f - 110 = -o*h, 5*f - 27 - 28 = -h. Calculate the remainder when 107 is divided by h.
52
Let j = 6 - 1. Suppose -5 = -j*h - y + 22, 4 = 2*y. Suppose 0 = -h*q, 2*c - 20 = -6*q + q. Calculate the remainder when c is divided by 3.
1
Let d(o) = -2*o + 3. Suppose 1228 = h - r, 5*h - 6*r = -5*r + 6132. Let w = h + -1218. Calculate the remainder when d(-6) is divided by w.
7
Let n = 62 - -7. Suppose -70*g = -n*g + 30. Let x = 33 + g. What is the remainder when x is divided by 1?
0
Suppose 70*q = 54*q + 2352. Calculate the remainder when 2493 is divided by q.
141
Let f = 1427 - 1352. What is the remainder when 268 is divided by f?
43
Let y = -10 + 16. Let t = 218 + -309. Let d = 119 + t. What is the remainder when d is divided by y?
4
Suppose -113*a - 88*a + 170*a = -9672. Calculate the remainder when a is divided by 20.
12
Suppose -1569 = -3*q + z, -q - 6*z + 523 = -z. Suppose q - 135 = 5*y - f, -3*y + 2*f = -237. Let x = -9 + 14. What is the remainder when y is divided by x?
2
Let w(l) = -l + 24. Let c = -53 - -73. Let x be w(c). Suppose 0 = 3*j + 3*g - 27, -j + 18 = x*j - 4*g. Calculate the remainder when 20 is divided by j.
2
Suppose 0 = -4*k + 11*k - 4438. Let w = k - 572. What is the remainder when w is divided by 35?
27
Let q = 13607 + -13575. Calculate the remainder when 357 is divided by q.
5
Let s(v) = -4303*v - 272. What is the remainder when s(-1) is divided by 37?
35
Let i = 103 + -118. What is the remainder when 21 is divided by 4 - -3*(-35)/i?
10
Suppose -3*l + 4 = -29. Let a be (-133)/(-21) + -7 + (-249)/(-9). Suppose -10*w = -143 - a. Calculate the remainder when w is divided by l.
6
What is the remainder when 141/4*(-36636)/(-639) is divided by 184?
181
Suppose -44*n + 19152 = -8*n. Suppose -9 = 3*f + 3, f + n = 2*w. What is the remainder when w is divided by 14?
12
Let l = 104 + -97. Suppose l = 23*h - 22*h. Calculate the remainder when 8 is divided by h.
1
Suppose -7*c + 4*a = -2*c - 20, 0 = 5*a. Suppose 0 = -z - c, -7*k + 2*k = -3*z - 12. Let p(s) = -4*s + 34. Calculate the remainder when 100 is divided by p(k).
32
Let c = -5753 + 5936. Calculate the remainder when c is divided by 87.
9
Suppose -b = 2*b, -2*d + 82 = -5*b - 126. Let i = -14 + 8. Let g = 9 - i. What is the remainder when d is divided by g?
14
Let w be (150/135)/((-1)/(-9)). Suppose 3*y = -2*p + 379, -25 + w = -3*p. What is the remainder when y is divided by 26?
19
Suppose -11*r = 272 - 107. Let p = r + 77. Calculate the remainder when p is divided by 36.
26
Let l(a) = -20*a**3 + 2*a**2 + 2*a - 1. Calculate the remainder when 814 is divided by l(-1).
16
Let p(r) = 2*r**2 - 4*r - 6. Let n be p(4). Suppose 0 = n*o - 66 - 144. Calculate the remainder when 125/2 - (-10)/(-4) is divided by o.
18
Let z(u) = -31*u - 31. Let r be (-513)/38*(-4)/6. Suppose -4*h - 4*n + 80 = 0, -8*h + r*h = -4*n + 32. What is the remainder when z(-3) is divided by h?
14
Suppose 0 = -44*m + 475 + 297 - 420. Let a be (0/1)/2 + 9. What is the remainder when m is divided by 8/(-3)*a/(-6)?
0
Suppose 0 = 3*r - 14*b + 15*b - 67, 4*r - b - 94 = 0. Calculate the remainder when 364 is divided by r.
19
Let y = -46817 + 47146. Calculate the remainder when y is divided by 87.
68
Suppose 2*q = 0, 4*w + w - 2*q + 30 = 0. Let s be (-1 - 8/w)/((-1)/3). What is the remainder when (-12331)/(-531) + s*(-2)/(-9) is divided by 6?
5
Let h(g) = -16 - 16 - 9*g**2 + 11*g**2 + 4*g. Let u be h(-7). Suppose u + 218 = 8*r. Calculate the remainder when r is divided by 17.
15
Suppose 2*c = -0*c + 6. Suppose 12*u - 55 - 823 = 2*g, 0 = -u + g + 64. What is the remainder when u is divided by c?
0
What is the remainder when (-14)/1*(-10)/7 + -22 + 26 is divided by 2 - 2 - (-1 + -10)?
2
Let s = 19216 + -13418. Calculate the remainder when s is divided by 8.
6
Let r(v) = 2*v**3 - 100*v**2 + 56*v - 310. What is the remainder when r(51) is divided by 24?
20
Let t(a) = -a + 12. Let i(b) = 11*b + 7. Let f be i(3). Suppose -3*d + 2*s = 44, -4*d - f = -d + 2*s. What is the remainder when 99 is divided by t(d)?
21
Let a = 8525 + -7658. Calculate the remainder when a is divided by 67.
63
Let n(x) = 9*x**2 - 8*x - 4. Let w be n(7). Calculate the remainder when w*(-5)/(-60)*4 is divided by 43.
41
Supp